*g + 27, 0*g - 19 = -o + 4*g. Let a(u) = -u**3 - 2*u - 1. Let s be a(o). Let j(x) = 3*x**2 - 2. Is j(s) a prime number?
False
Suppose 0*h + 225 = 3*h. Suppose 114 = 2*s + 3*k - 4*k, s = -4*k + h. Is s prime?
True
Let t be (7 + -2)/(1/2). Let y = t + -6. Suppose 0 = -y*z + 5*z - 13. Is z a composite number?
False
Suppose -3*x - 6 = -0*x. Let m be (-3)/x + (-6)/4. Suppose -3*g + 104 = v, m = -g - 7*v + 2*v + 30. Is g a prime number?
False
Suppose -25 + 4 = -3*z. Is z a prime number?
True
Let v(r) = 25*r + 5. Let j be v(5). Let b(n) = 61*n**3 - 2*n**2 + n + 1. Let x be b(-1). Let y = j + x. Is y a composite number?
False
Let h = -2 + 4. Suppose 5*n = h*n + 3. Let r = n - -9. Is r composite?
True
Let z = 1654 - 740. Is z prime?
False
Let h be (2 - 3)/((-2)/6). Let k be (h + (-15)/3)*-11. Suppose u = -u + k. Is u a composite number?
False
Suppose -166 = -5*c + 5*v + 254, 3*c = 2*v + 253. Is c a prime number?
False
Suppose -3*u + 50 = 2*u. Let n = u + -7. Is 58/n - (-2)/(-6) a prime number?
True
Let m be (-3 + 10/5)*-67. Let g = 28 - 12. Let s = m - g. Is s prime?
False
Let t = -172 + 759. Is t prime?
True
Let j = 1 + -3. Let g = 3 - j. Suppose -4*a + g*a = 127. Is a composite?
False
Let q = 139 + -84. Is q a composite number?
True
Suppose 0 = -q - 2*q + 885. Is q composite?
True
Suppose 5*z + 2*s - 14 = -0*s, -2*z = -4*s - 20. Suppose -z = 7*j - 3*j. Is j + -8*-2*1 prime?
False
Let d(k) be the third derivative of k**5/60 + k**4/6 - 3*k**3/2 + 4*k**2. Suppose -7 - 17 = -4*v. Is d(v) a composite number?
True
Is (-1866)/(-7) - 45/(-105) a prime number?
False
Let p be (-4)/14 + 176/28. Let l = p - -1. Let w(q) = 10*q - 1. Is w(l) a composite number?
True
Suppose -n - 299 = -2*n. Is n composite?
True
Let y be 68 + -4 + 3 + 0. Let p = y - 48. Is p prime?
True
Suppose 3*c - 737 - 22 = 0. Is c prime?
False
Suppose 0 = 3*v - 4*l + 26, v + 3*l - 2 = 11. Let h = v + 17. Let i = 24 - h. Is i composite?
True
Suppose -2*q + 1161 - 321 = 0. Suppose -4*v = x - 351, 3*v - q = -2*v - 5*x. Is v a prime number?
True
Let b be ((-3)/(-6))/(3/18). Suppose -8 + 2 = -b*n. Suppose -z + 39 = n. Is z a prime number?
True
Is (-2)/7 + (-4800)/(-140) a composite number?
True
Let p = -146 - -553. Is p a composite number?
True
Suppose -2*i + 5*h = -25, 7*i + 4*h - 8 = 3*i. Suppose -2*b = 23 + i. Is (-1 + 3)/(b/(-1043)) composite?
False
Let f(q) = 4*q**2 + 16*q + 6. Let t be f(13). Suppose t = 5*u + 195. Is u composite?
False
Let k = 272 + -85. Is k prime?
False
Suppose 4 = 5*k - 31. Is k composite?
False
Let r(a) = a**3 + a**2 + a + 29. Suppose 3*o + 4*s = -2*o, -3*o = 3*s. Let c be r(o). Let t = c + -14. Is t composite?
True
Suppose 0 = -2*b - 5*f + 185, 2*b + 50 = -2*f + 226. Is b a composite number?
True
Let c(b) = 24*b**3 + 2*b**2 - 2*b + 2. Let t be c(2). Suppose 5*u - t - 47 = 0. Is u a prime number?
False
Let b(d) = -d**2 - 16*d + 5. Let g be b(-10). Let r be (6 - -1)/(1/6). Let l = g - r. Is l a composite number?
False
Let l(z) = z**2 + 2*z + 2. Let w(m) = 4*m**3 + m**2. Let h be w(1). Let n be l(h). Suppose -r + n = -0*r. Is r prime?
True
Suppose -3*d - 21 = -2*d. Let l = 40 + d. Is l prime?
True
Let x(j) = j - 5. Let g(v) = -3. Let h(q) = -3*g(q) + 3*x(q). Is h(7) a prime number?
False
Suppose 0 = -0*j - 4*j - c + 4278, -c + 3209 = 3*j. Is j composite?
False
Let u(d) = 7*d + 2819. Is u(0) a prime number?
True
Let c(r) = -r + 6. Let l be c(5). Let w be -9*(l + (-3 - -3)). Is 4/18 - 196/w a prime number?
False
Suppose 0*y + 4*y - 1580 = 0. Is y a composite number?
True
Let o(h) = 7*h + 6. Let l be o(-5). Let b be (1 - -5)/((-2)/l). Suppose -2*k + 46 = 4*y - 3*y, 0 = 3*k - 3*y - b. Is k prime?
False
Let g be 2/(-4) - 1039/(-2). Let c be 1 - g*(2 + -3). Suppose 2*s + 5*o = 159, 5*s = 5*o + c - 210. Is s a composite number?
False
Let x = 3 - 2. Let h be -28 + (-1 - -1)*x. Let o = 57 - h. Is o a composite number?
True
Suppose 2*o - o = 6. Suppose 78 = 3*u - 0*n + 3*n, u + 5*n - o = 0. Let q = 7 + u. Is q a prime number?
False
Let g be 7/(-21) + 1/3. Suppose 0 = 3*v - g*v - 33. Is v composite?
False
Suppose 3*o - 15 = 3. Let y be (-1)/(-3)*(o - 0). Suppose 4*w = -0*x + y*x + 6, 0 = w + 3*x - 12. Is w a composite number?
False
Let z = 7 - 5. Let w(j) = 2*j**3 + j**2 - j + 1. Is w(z) prime?
True
Let b be (-2)/(-1 - -3) - -27. Let j = b - -63. Is j composite?
False
Let l be 108/(-26) + (-2)/(-13). Is (326/4)/((-2)/l) a prime number?
True
Let c = 2 + 2. Suppose c = 4*d, -2*u + 5*d = 2*d + 3. Suppose -2*z = -u*z - 106. Is z composite?
False
Let i(m) = m - 2. Let s be i(8). Suppose 0 = -3*b + 18. Suppose -8 = 3*a + s*n - 2*n, -a - 2*n = b. Is a a prime number?
False
Suppose -4263 = -12*f + 3357. Is f composite?
True
Suppose 3*w - 1470 = 3*m, 0 = -3*w - 0*m - 3*m + 1452. Is w a prime number?
True
Suppose 0 = c - 19 - 3. Let s be ((-1)/(-1) - 2) + 0. Let u = s + c. Is u composite?
True
Suppose 0 = -q - q. Suppose 0 = x - 1 - 1. Suppose -j + q = 2*z - 9, 0 = -2*j - x*z + 28. Is j a prime number?
True
Let c(r) = r**3 + 8*r**2 + 8*r + 7. Let v be c(-7). Suppose k + v*k = 89. Is k prime?
True
Suppose -3*o = v + 461 - 1232, -o - v = -257. Is o prime?
True
Is (-208)/(-10) + 19/95 composite?
True
Let h be (-4)/(-10) + 16/10. Let y(x) = 48*x + 1. Is y(h) a prime number?
True
Let b = 125 + 344. Is b composite?
True
Suppose 9 = -5*o - 1. Let s be -2 + (-6)/o + 6. Let m = -4 + s. Is m a prime number?
True
Suppose -5*o + 1 = 4*h, 0*h + 3*h + 5*o = 7. Let c be h/(-1) - (-8)/(-4). Suppose 5*j = -c*l + l + 250, -5*j + 5*l + 290 = 0. Is j a prime number?
True
Suppose -4*l + 1365 = -3*q, -4*q - 2*l = -3*l + 1820. Let y = q - -802. Is y a composite number?
False
Suppose -2*u + 8 + 6 = 0. Suppose 3*m - 8 = u. Suppose -g - 19 = c - 6*c, 5*c = m*g - 5. Is g a prime number?
False
Let a = 22 + -8. Let q = 27 - a. Is q a composite number?
False
Let c be 22/8 + (-2)/(-8). Let k be ((-3)/c*7)/(-1). Is (k/2)/((-3)/(-6)) prime?
True
Let a = 211 + -90. Is a composite?
True
Let v(k) = 374*k - 7. Is v(3) prime?
False
Let c(a) = 84*a - 5. Is c(4) a prime number?
True
Let x(u) = 4*u - 19. Is x(14) prime?
True
Let m be -4 + 3 + 1*13. Suppose 3*b + 0*b = -m. Is (-3 - b)*1*37 a composite number?
False
Let g = 179 - -128. Is g prime?
True
Let u = -87 + 53. Suppose -5*j = -4*j - 35. Let s = j - u. Is s prime?
False
Suppose -63 - 4 = -n. Is n prime?
True
Suppose z + 2494 = 3*z. Is z composite?
True
Suppose -s - x = -1364, 0 = -2*s + 6*s + 5*x - 5459. Is s a composite number?
False
Let x = -629 + 1076. Is x a prime number?
False
Let q(s) = -2*s - 20. Let g be q(-14). Let c = g - -6. Is c a prime number?
False
Let s be (-6)/(-5) - (-4)/(-20). Let j be (1 + 0)*s + -73. Let t = j + 125. Is t a composite number?
False
Let w(h) = 2*h + 1 - 4 - 3*h. Let x be w(-5). Suppose -2*d - 54 = -3*q - q, -x*d - 10 = 0. Is q prime?
True
Let s(n) be the first derivative of n**2 + 1/3*n**3 - 2 + n - 11/4*n**4. Is s(-1) a prime number?
True
Let r = 27 - 17. Let i(d) = -d + 14. Let v be i(r). Suppose x - 20 = 2*f - 7, 0 = -x - v*f - 5. Is x prime?
True
Let v be (0 - 3) + 13 + -9. Let d(c) = 204*c**2 - c. Is d(v) a composite number?
True
Let g(x) = -560*x**2 + x. Let y be g(1). Let o = 794 + y. Is o prime?
False
Suppose 2*i - 115 = 211. Let s = i - 14. Is s a composite number?
False
Is (1556/(-6))/(22/(-33)) a composite number?
False
Let w be ((-1 - -2) + 0)*-7. Let m = -2 - w. Suppose -3*k - 258 + 1031 = -m*f, -2*f + 494 = 2*k. Is k composite?
False
Let r(n) = n + 2. Let x be r(2). Suppose -3*o + 13 = -w, 0 = x*o + o + 5*w - 35. Suppose -o*c = -110 + 15. Is c prime?
True
Let f be 4/(-6)*(6 + -9). Is 83/(f + 2/(-2)) composite?
False
Suppose -91 - 58 = -2*o - 3*l, -2*o - 5*l = -159. Is o a composite number?
False
Let t be 1/2 - (-7273)/(-14). Let x = t + 778. Is x prime?
False
Suppose 0*k + 3*k = 471. Is k prime?
True
Suppose w - 3*w = 0. Suppose 7*k - 370 = -u + 2*k, w = -u + 4*k + 415. Is u composite?
True
Suppose -3*j = -7*j + 8. Suppose -j*b + 5 = 1. Suppose 28 = 6*p - b*p. Is p composite?
False
Let w = 118 - 79. Suppose 0*t - t + w = 0. Is t a prime number?
False
Let j = 140 - 57. Is j composite?
False
Suppose -2*p - 5 = -5*o + 2*o, 0 = -3*p - 5*o + 21. Suppose 153 = n - 0*k + p*k, 3*n - 419 = 4*k. Is n prime?
False
Let t(k) = -3*k - 1 -